{"id":11545,"date":"2018-01-03T17:01:03","date_gmt":"2018-01-03T17:01:03","guid":{"rendered":"http:\/\/susanne-buckenlei.de\/?page_id=11545"},"modified":"2018-01-03T17:58:03","modified_gmt":"2018-01-03T17:58:03","slug":"susas-blog","status":"publish","type":"page","link":"https:\/\/susanne-buckenlei.de\/?page_id=11545","title":{"rendered":"Susa`s Blog"},"content":{"rendered":"<div class=\"fusion-one-third one_third fusion-layout-column fusion-spacing-yes\" style=\"margin-top:0px;margin-bottom:20px;\"><div class=\"fusion-column-wrapper\"><span style=\"margin-right:25px;float:left;\" class=\"fusion-imageframe imageframe-none imageframe-1\"> <img decoding=\"async\" alt=\"\" src=\"http:\/\/susanne-buckenlei.de\/wp-content\/uploads\/2018\/01\/Susa_Profil-300x300.jpg\" class=\"img-responsive\"\/><\/span><\/div><\/div><div class=\"fusion-two-third fusion-layout-column fusion-column-last fusion-spacing-yes\" style=\"margin-top:0px;margin-bottom:20px;\"><div class=\"fusion-column-wrapper\"><style type='text\/css'>.reading-box-container-1 .element-bottomshadow:before,.reading-box-container-1 .element-bottomshadow:after{opacity:0.3;}<\/style><div class=\"fusion-reading-box-container reading-box-container-1 fusion-animated\" data-animationType=\"fadeInDown\" data-animationDuration=\"0.1\" style=\"margin-bottom:84px;\"><div class=\"reading-box element-bottomshadow\" style=\"background-color:#f6f6f6;border-width:1px;border-color:#f6f6f6;border-left-width:3px;border-left-color:#0099cc;border-style:solid;\"><h2>Willkommen auf Susas World. Ich bin diplomierte Sportwissenschaftlerin und seit 15 Jahren Triathlon &amp; Ausdauersport Coach. <\/h2><div class=\"reading-box-description\">Meine Motivation mit Athleten zu arbeiten hingegen ist, das jeder Athlet unterschiedlich ist und eigene Voraussetzungen mitbringt. Gemeinsam werden die Ziele gesteckt, die M\u00f6glichkeiten analysiert und individuelle Trainingspl\u00e4ne erstellt. Vom Profi, der neue Akzente setzen m\u00f6chte, \u00fcber den Altersklassen Athletin, der noch Tr\u00e4ume offen hat bis zum absoluten Neuling, der den Sport erst einmal kennenlernen m\u00f6chte.<\/p>\n<p>Ab 2018 widme ich mich ganz dem Coaching und der Betreuung von Einzelathleten im Ausdauersport.<\/p>\n<p>In meiner aktiven Karriere als Profiathletin habe ich unter anderem 3x den Norseman Xtreme Triathlon gewonnen, was mir den Spitznamen \u2018Queen of Extreme\u2019 verliehen hat.<\/p>\n<p>In meinen 12 Jahren als Gesch\u00e4ftsf\u00fchrerin bei PET (Professional Endurance Team) habe ich Athleten, vom Profi bis zum kompletten Neuling trainiert und meine Athleten haben zahlreiche Ironman Siege, Deutsche Meister, Europameister und Altersklassen Weltmeistertitel erreicht<\/p>\n<p>Neben dem Coaching bin ich Buchautorin und habe 2017 den Ern\u00e4hrungsguide f\u00fcr Triathleten im renommierten Ausdauersporrverlag Spomedis ver\u00f6ffentlicht.<\/div>\n<\/div><\/div><\/div><\/div><div class=\"fusion-clearfix\"><\/div><div class=\"fusion-blog-shortcode fusion-blog-shortcode-1 fusion-blog-archive fusion-blog-layout-large fusion-blog-pagination\"><div class=\"fusion-posts-container fusion-posts-container-pagination\" data-pages=\"0\"><\/div><div class='pagination clearfix'><\/div>\n<\/div>\n","protected":false},"excerpt":{"rendered":"","protected":false},"author":1,"featured_media":0,"parent":0,"menu_order":0,"comment_status":"closed","ping_status":"closed","template":"","meta":[],"_links":{"self":[{"href":"https:\/\/susanne-buckenlei.de\/index.php?rest_route=\/wp\/v2\/pages\/11545"}],"collection":[{"href":"https:\/\/susanne-buckenlei.de\/index.php?rest_route=\/wp\/v2\/pages"}],"about":[{"href":"https:\/\/susanne-buckenlei.de\/index.php?rest_route=\/wp\/v2\/types\/page"}],"author":[{"embeddable":true,"href":"https:\/\/susanne-buckenlei.de\/index.php?rest_route=\/wp\/v2\/users\/1"}],"replies":[{"embeddable":true,"href":"https:\/\/susanne-buckenlei.de\/index.php?rest_route=%2Fwp%2Fv2%2Fcomments&post=11545"}],"version-history":[{"count":9,"href":"https:\/\/susanne-buckenlei.de\/index.php?rest_route=\/wp\/v2\/pages\/11545\/revisions"}],"predecessor-version":[{"id":11568,"href":"https:\/\/susanne-buckenlei.de\/index.php?rest_route=\/wp\/v2\/pages\/11545\/revisions\/11568"}],"wp:attachment":[{"href":"https:\/\/susanne-buckenlei.de\/index.php?rest_route=%2Fwp%2Fv2%2Fmedia&parent=11545"}],"curies":[{"name":"wp","href":"https:\/\/api.w.org\/{rel}","templated":true}]}}