{"id":8,"date":"2012-04-04T08:03:58","date_gmt":"2012-04-04T08:03:58","guid":{"rendered":"http:\/\/susanne-buckenlei.de\/?page_id=8"},"modified":"2020-08-13T13:31:50","modified_gmt":"2020-08-13T13:31:50","slug":"tc","status":"publish","type":"page","link":"https:\/\/susanne-buckenlei.de\/?page_id=8","title":{"rendered":"\u00dcber mich"},"content":{"rendered":"<p><span style=\"color: #0099cc;\"><strong>Willkommen auf Susas World. Ich bin diplomierte Sportwissenschaftlerin und seit 15 Jahren Triathlon &amp; Ausdauersport Coach.\u00a0<\/strong><\/span><\/p>\n<p>Meine Motivation mit Athleten zu arbeiten ist, dass jeder Athlet unterschiedlich ist und eigene Voraussetzungen mitbringt. Gemeinsam werden die Ziele gesteckt, die M\u00f6glichkeiten analysiert und individuelle Trainingspl\u00e4ne erstellt. Vom Profi, der neue Akzente setzen m\u00f6chte, \u00fcber den Altersklassen Athlet, der noch Tr\u00e4ume offen hat bis zum absoluten Neuling, der den Sport erst einmal kennenlernen m\u00f6chte.<\/p>\n<p>Ab 2018 widme ich mich ganz dem Coaching und der Betreuung von Einzelathleten im Ausdauersport.<\/p>\n<p>In meiner aktiven Karriere als Profiathletin habe ich unter anderem 3x den Norseman Xtreme Triathlon gewonnen, was mir den Spitznamen \u2018Queen of Extreme\u2019 verliehen hat.<\/p>\n<p>In meinen 12 Jahren als Gesch\u00e4ftsf\u00fchrerin bei PET (Professional Endurance Team) habe ich Athleten, vom Profi bis zum kompletten Neuling trainiert und meine Athleten haben zahlreiche Ironman Siege, Deutsche Meister, Europameister und Altersklassen Weltmeistertitel erreicht<\/p>\n<p>Neben dem Coaching bin ich Buchautorin und habe 2017 den Ern\u00e4hrungsguide f\u00fcr Triathleten im renommierten Ausdauersportverlag Spomedis ver\u00f6ffentlicht.<\/p>\n<p>Geb. am 23.6.1976 in N\u00fcrnberg, wohnhaft in Kronm\u00fchle am Rothsee<br \/>\nDiplom-Sportwissenschaftlerin (Schwerpunkt: Leistungssport\/ Fach:Triathlon) TU MUC<br \/>\nPraktiumstellen: Sportzentrum Corpus &amp; Hubert Schwarz Zentrum<br \/>\n2005-2017 Gr\u00fcnderin und Gesch\u00e4ftsf\u00fchrerin Professional Endurance Team<br \/>\n\u00dcbungsleiterin (Ski alpin)<\/p>\n","protected":false},"excerpt":{"rendered":"<p>Willkommen auf Susas World. Ich bin diplomierte Sportwissenschaftlerin und seit 15 Jahren Triathlon &amp; Ausdauersport Coach.\u00a0 Meine Motivation mit Athleten zu arbeiten ist, dass jeder Athlet unterschiedlich ist und eigene Voraussetzungen mitbringt. Gemeinsam werden die Ziele gesteckt, die M\u00f6glichkeiten analysiert und individuelle Trainingspl\u00e4ne erstellt. Vom Profi, der neue Akzente setzen m\u00f6chte, \u00fcber den Altersklassen Athlet, [&hellip;]<\/p>\n","protected":false},"author":1,"featured_media":0,"parent":0,"menu_order":2,"comment_status":"closed","ping_status":"closed","template":"","meta":[],"_links":{"self":[{"href":"https:\/\/susanne-buckenlei.de\/index.php?rest_route=\/wp\/v2\/pages\/8"}],"collection":[{"href":"https:\/\/susanne-buckenlei.de\/index.php?rest_route=\/wp\/v2\/pages"}],"about":[{"href":"https:\/\/susanne-buckenlei.de\/index.php?rest_route=\/wp\/v2\/types\/page"}],"author":[{"embeddable":true,"href":"https:\/\/susanne-buckenlei.de\/index.php?rest_route=\/wp\/v2\/users\/1"}],"replies":[{"embeddable":true,"href":"https:\/\/susanne-buckenlei.de\/index.php?rest_route=%2Fwp%2Fv2%2Fcomments&post=8"}],"version-history":[{"count":18,"href":"https:\/\/susanne-buckenlei.de\/index.php?rest_route=\/wp\/v2\/pages\/8\/revisions"}],"predecessor-version":[{"id":11611,"href":"https:\/\/susanne-buckenlei.de\/index.php?rest_route=\/wp\/v2\/pages\/8\/revisions\/11611"}],"wp:attachment":[{"href":"https:\/\/susanne-buckenlei.de\/index.php?rest_route=%2Fwp%2Fv2%2Fmedia&parent=8"}],"curies":[{"name":"wp","href":"https:\/\/api.w.org\/{rel}","templated":true}]}}